s the hundred thousands digit of 85033599?
0
What is the ten millions digit of 554919915?
5
What is the ten millions digit of 1416505653?
1
What is the hundred millions digit of 1404760047?
4
What is the ten thousands digit of 2283848691?
4
What is the tens digit of 47432134?
3
What is the thousands digit of 597958730?
8
What is the thousands digit of 304417609?
7
What is the hundreds digit of 67607516?
5
What is the hundred thousands digit of 5271793495?
7
What is the hundreds digit of 121729309?
3
What is the ten millions digit of 12512257?
1
What is the ten millions digit of 3381393736?
8
What is the hundred thousands digit of 376156819?
1
What is the hundred thousands digit of 9731078?
7
What is the ten millions digit of 138716280?
3
What is the millions digit of 640620904?
0
What is the ten thousands digit of 588175457?
7
What is the units digit of 68647491?
1
What is the millions digit of 41804899?
1
What is the thousands digit of 1794265329?
5
What is the ten millions digit of 49964765?
4
What is the millions digit of 600097359?
0
What is the hundreds digit of 31546195?
1
What is the millions digit of 4485040677?
5
What is the tens digit of 492512148?
4
What is the hundreds digit of 152391150?
1
What is the thousands digit of 115020674?
0
What is the ten millions digit of 21556652?
2
What is the units digit of 213112083?
3
What is the thousands digit of 660891765?
1
What is the ten thousands digit of 108727859?
2
What is the units digit of 5804751488?
8
What is the thousands digit of 1086932150?
2
What is the ten thousands digit of 10914017?
1
What is the hundreds digit of 440650504?
5
What is the tens digit of 1925738513?
1
What is the hundreds digit of 358426014?
0
What is the tens digit of 82965707?
0
What is the units digit of 148857632?
2
What is the hundreds digit of 6099923783?
7
What is the hundred millions digit of 150240465?
1
What is the units digit of 463023150?
0
What is the millions digit of 238939344?
8
What is the hundred thousands digit of 1345602?
3
What is the ten millions digit of 247626216?
4
What is the hundred thousands digit of 276941354?
9
What is the hundred thousands digit of 15214323?
2
What is the hundred thousands digit of 10059655?
0
What is the tens digit of 6263975313?
1
What is the hundred thousands digit of 26106375?
1
What is the hundreds digit of 144531339?
3
What is the ten millions digit of 1667172716?
6
What is the thousands digit of 1730212786?
2
What is the units digit of 65189743?
3
What is the millions digit of 58201067?
8
What is the millions digit of 54377149?
4
What is the millions digit of 103073994?
3
What is the hundred thousands digit of 47732708?
7
What is the ten millions digit of 206216375?
0
What is the units digit of 1322695334?
4
What is the hundreds digit of 2973263270?
2
What is the hundred thousands digit of 1008477582?
4
What is the billions digit of 1687382781?
1
What is the millions digit of 98319881?
8
What is the hundred thousands digit of 1056199153?
1
What is the tens digit of 59265140?
4
What is the ten millions digit of 183159968?
8
What is the ten millions digit of 69446373?
6
What is the tens digit of 56107470?
7
What is the ten thousands digit of 3650578580?
7
What is the ten thousands digit of 7946261?
4
What is the hundreds digit of 973829755?
7
What is the ten thousands digit of 134133177?
3
What is the ten millions digit of 226947554?
2
What is the millions digit of 528856872?
8
What is the units digit of 4847798300?
0
What is the units digit of 2369699964?
4
What is the tens digit of 51185520?
2
What is the millions digit of 2746626484?
6
What is the tens digit of 3828130056?
5
What is the ten thousands digit of 528126063?
2
What is the ten millions digit of 792909421?
9
What is the units digit of 947170293?
3
What is the units digit of 2096574?
4
What is the hundred millions digit of 1176678267?
1
What is the ten thousands digit of 4395066?
9
What is the millions digit of 221938025?
1
What is the thousands digit of 29667316?
7
What is the ten millions digit of 1528716313?
2
What is the ten thousands digit of 18579169?
7
What is the ten millions digit of 30385419?
3
What is the hundred thousands digit of 1684496019?
4
What is the ten thousands digit of 44221548?
2
What is the ten millions digit of 772652932?
7
What is the tens digit of 1059741201?
0
What is the thousands digit of 7724829774?
9
What is the millions digit of 2520294574?
0
What is the hundred thousands digit of 4616169249?
1
What is the ten millions digit of 622447215?
2
What is the tens digit of 73055326?
2
What is the hundred thousands digit of 4672176982?
1
What is the tens digit of 41433596?
9
What is the millions digit of 1824970893?
4
What is the thousands digit of 196246494?
6
What is the ten thousands digit of 25760863?
6
What is the hundred thousands digit of 208888894?
8
What is the ten thousands digit of 1922020757?
2
What is the ten millions digit of 113116198?
1
What is the units digit of 5138636884?
4
What is the millions digit of 260110548?
0
What is the ten millions digit of 1148788576?
4
What is the millions digit of 47845891?
7
What is the hundreds digit of 1349003347?
3
What is the ten thousands digit of 875032794?
3
What is the hundred millions digit of 827095922?
8
What is the millions digit of 40462440?
0
What is the ten millions digit of 12781356?
1
What is the thousands digit of 5120459959?
9
What is the tens digit of 44940742?
4
What is the millions digit of 55405523?
5
What is the ten millions digit of 25176906?
2
What is the tens digit of 3019739448?
4
What is the ten millions digit of 5714273941?
1
What is the ten thousands digit of 132926277?
2
What is the hundred millions digit of 768189509?
7
What is the millions digit of 43115754?
3
What is the hundreds digit of 365995947?
9
What is the units digit of 914900682?
2
What is the millions digit of 336837859?
6
What is the thousands digit of 3540087341?
7
What is the ten millions digit of 1104202522?
0
What is the hundred millions digit of 381688471?
3
What is the thousands digit of 296716618?
6
What is the hundred thousands digit of 78239640?
2
What is the ten millions digit of 46014308?
4
What is the units digit of 1876160464?
4
What is the hundred millions digit of 220757974?
2
What is the ten thousands digit of 102656367?
5
What is the hundred millions digit of 2383093104?
3
What is the billions digit of 3014487674?
3
What is the units digit of 99477152?
2
What is the hundreds digit of 263538997?
9
What is the ten thousands digit of 12013910?
1
What is the hundreds digit of 115481695?
6
What is the ten millions digit of 29925720?
2
What is the hundreds digit of 606486777?
7
What is the billions digit of 3286491743?
3
What is the hundreds digit of 878282104?
1
What is the thousands digit of 772381290?
1
What is the ten millions digit of 54566792?
5
What is the millions digit of 29478786?
9
What is the hundred millions digit of 6581046908?
5
What is the millions digit of 62046900?
2
What is the ten millions digit of 98703344?
9
What is the millions digit of 147581758?
7
What is the hundred thousands digit of 40558367?
5
What is the hundred millions digit of 442903864?
4
What is the thousands digit of 19854722?
4
What is the millions digit of 80131009?
0
What is the hundreds digit of 345697856?
8
What is the units digit of 541139751?
1
What is the ten thousands digit of 732314887?
1
What is the hundreds digit of 83820551?
5
What is the hundred thousands digit of 69277058?
2
What is the millions digit of 34909826?
4
What is the thousands digit of 1227608953?
8
What is the units digit of 261088445?
5
What is the ten millions digit of 81856758?
8
What is the millions digit of 31845976?
1
What is the hundred thousands digit of 115994416?
9
What is the millions digit of 140136793?
0
What is the ten thousands digit of 36368239?
6
What is the millions digit of 1032406696?
2
What is the hundreds digit of 425185437?
4
What is the thousands digit of 895749156?
9
What is the thousands digit of 1027092993?
2
What is the ten thousands digit of 341125356?
2
What is the thousands digit of 54180767?
0
What is the tens digit of 135370944?
4
What is the ten millions digit of 2825355162?
2
What is the ten millions digit of 993774134?